{"id":182,"date":"2025-10-17T22:53:59","date_gmt":"2025-10-17T22:53:59","guid":{"rendered":"https:\/\/thisisinner.com\/?page_id=182"},"modified":"2025-10-19T18:36:21","modified_gmt":"2025-10-19T18:36:21","slug":"b","status":"publish","type":"page","link":"https:\/\/thisisinner.com\/?page_id=182","title":{"rendered":"Kriz Y\u00f6netimi"},"content":{"rendered":"\n<h3 class=\"wp-block-heading\">Net Duru\u015fla Duygusal B\u00fct\u00fcnl\u00fc\u011f\u00fc Koruyoruz.<\/h3>\n\n\n\n<p class=\"has-primary-color has-text-color has-link-color wp-elements-cb0d2cb1bbf44cd1f357d66f5516a9c8\">Kriz anlar\u0131, markan\u0131n karakterinin en \u00e7ok s\u0131nand\u0131\u011f\u0131 anlard\u0131r. Inner olarak duru\u015fumuz sade, g\u00fc\u00e7l\u00fc ve zamans\u0131zd\u0131r. Kriz Y\u00f6netiminde, markan\u0131n duygusal zek\u00e2s\u0131na inanarak, dilimizi samimi ama rafine tutar\u0131z.<\/p>\n\n\n\n<p class=\"has-primary-color has-text-color has-link-color wp-elements-f98aded6b70203ff108a5f5c66436e5e\">Bizler, markalar\u0131n ekibine dahil oluyor <sup><\/sup> ve her markan\u0131n kendi \u00f6z\u00fcne dair \u00f6zel \u00e7\u00f6z\u00fcmler geli\u015ftiriyoruz. Bu, kal\u0131pla\u015fm\u0131\u015f \u00e7\u00f6z\u00fcmlerden uzak durdu\u011fumuzun bir g\u00f6stergesidir. Markan\u0131n \u00f6z\u00fcnden \u00f6d\u00fcn vermeden, sizlerle birlikte yol alarak \u00e7\u00f6z\u00fcm odakl\u0131 \u00e7al\u0131\u015fmalar \u00fcretmeye \u00f6zen g\u00f6steririz<sup><\/sup>. Amac\u0131m\u0131z, en zor zamanlarda dahi markan\u0131n duygusal b\u00fct\u00fcnl\u00fc\u011f\u00fcn\u00fc ve itibar\u0131n\u0131 korumakt\u0131r ve di\u011fer ajanslardan farkl\u0131 olarak sizlere daha yak\u0131n ve ilgili bir yakla\u015f\u0131mla hizmet vererek her projede en y\u00fcksek ba\u015far\u0131y\u0131 hedefliyoruz<sup><\/sup>. Bizim i\u00e7in kriz y\u00f6netimi, sadece y\u00f6netmek de\u011fil, birlikte \u00fcretmek, b\u00fcy\u00fcmek ve geli\u015fmek demektir<sup><\/sup>. Bu sayede, markan\u0131n sesini hedef kitleye daha g\u00fc\u00e7l\u00fc ve g\u00fcvenilir bir \u015fekilde duyurabiliyoruz.<\/p>\n\n\n\n<p><\/p>\n","protected":false},"excerpt":{"rendered":"<p>Net Duru\u015fla Duygusal B\u00fct\u00fcnl\u00fc\u011f\u00fc Koruyoruz. Kriz anlar\u0131, markan\u0131n karakterinin en \u00e7ok s\u0131nand\u0131\u011f\u0131 anlard\u0131r. Inner olarak duru\u015fumuz sade, g\u00fc\u00e7l\u00fc ve zamans\u0131zd\u0131r. Kriz Y\u00f6netiminde, markan\u0131n duygusal zek\u00e2s\u0131na inanarak, dilimizi samimi ama rafine tutar\u0131z. Bizler, markalar\u0131n ekibine dahil oluyor ve her markan\u0131n kendi \u00f6z\u00fcne dair \u00f6zel \u00e7\u00f6z\u00fcmler geli\u015ftiriyoruz. Bu, kal\u0131pla\u015fm\u0131\u015f \u00e7\u00f6z\u00fcmlerden uzak durdu\u011fumuzun bir g\u00f6stergesidir. Markan\u0131n \u00f6z\u00fcnden \u00f6d\u00fcn &hellip; <\/p>\n<p class=\"link-more\"><a href=\"https:\/\/thisisinner.com\/?page_id=182\" class=\"more-link\">Read more<span class=\"screen-reader-text\"> &#8220;Kriz Y\u00f6netimi&#8221;<\/span><\/a><\/p>\n","protected":false},"author":1,"featured_media":390,"parent":0,"menu_order":0,"comment_status":"closed","ping_status":"closed","template":"","meta":{"footnotes":""},"class_list":["post-182","page","type-page","status-publish","has-post-thumbnail","hentry"],"_links":{"self":[{"href":"https:\/\/thisisinner.com\/index.php?rest_route=\/wp\/v2\/pages\/182","targetHints":{"allow":["GET"]}}],"collection":[{"href":"https:\/\/thisisinner.com\/index.php?rest_route=\/wp\/v2\/pages"}],"about":[{"href":"https:\/\/thisisinner.com\/index.php?rest_route=\/wp\/v2\/types\/page"}],"author":[{"embeddable":true,"href":"https:\/\/thisisinner.com\/index.php?rest_route=\/wp\/v2\/users\/1"}],"replies":[{"embeddable":true,"href":"https:\/\/thisisinner.com\/index.php?rest_route=%2Fwp%2Fv2%2Fcomments&post=182"}],"version-history":[{"count":4,"href":"https:\/\/thisisinner.com\/index.php?rest_route=\/wp\/v2\/pages\/182\/revisions"}],"predecessor-version":[{"id":235,"href":"https:\/\/thisisinner.com\/index.php?rest_route=\/wp\/v2\/pages\/182\/revisions\/235"}],"wp:featuredmedia":[{"embeddable":true,"href":"https:\/\/thisisinner.com\/index.php?rest_route=\/wp\/v2\/media\/390"}],"wp:attachment":[{"href":"https:\/\/thisisinner.com\/index.php?rest_route=%2Fwp%2Fv2%2Fmedia&parent=182"}],"curies":[{"name":"wp","href":"https:\/\/api.w.org\/{rel}","templated":true}]}}